ed by 279?
278
Calculate the remainder when 6974666 is divided by 742.
608
What is the remainder when 64819170 is divided by 316?
302
Calculate the remainder when 6554274 is divided by 50808.
42
What is the remainder when 133574900 is divided by 44524958?
26
What is the remainder when 560994 is divided by 140223?
102
Calculate the remainder when 84132781 is divided by 1961.
1959
What is the remainder when 760910 is divided by 152026?
780
What is the remainder when 2973975 is divided by 68?
63
What is the remainder when 205991299 is divided by 20?
19
What is the remainder when 7475204 is divided by 9620?
464
What is the remainder when 125935 is divided by 1316?
915
What is the remainder when 2451071 is divided by 20768?
447
Calculate the remainder when 2391604 is divided by 265725.
79
Calculate the remainder when 14843 is divided by 39.
23
Calculate the remainder when 380974 is divided by 126904.
262
Calculate the remainder when 4140362 is divided by 964.
946
Calculate the remainder when 53113 is divided by 16269.
4306
Calculate the remainder when 564863 is divided by 852.
839
Calculate the remainder when 5282 is divided by 1759.
5
Calculate the remainder when 2358981 is divided by 5349.
72
Calculate the remainder when 3660999 is divided by 140.
139
What is the remainder when 10407 is divided by 8011?
2396
What is the remainder when 3343329 is divided by 3343254?
75
What is the remainder when 855827 is divided by 143?
115
What is the remainder when 14274006 is divided by 2378991?
60
What is the remainder when 308316 is divided by 308215?
101
What is the remainder when 1102223040 is divided by 23?
20
Calculate the remainder when 2994980 is divided by 20374.
2
What is the remainder when 548525 is divided by 136?
37
Calculate the remainder when 1992883 is divided by 55.
13
Calculate the remainder when 646596 is divided by 92370.
6
What is the remainder when 1492210 is divided by 248700?
10
What is the remainder when 185241 is divided by 2259?
3
Calculate the remainder when 3038273 is divided by 39458.
7
What is the remainder when 10426 is divided by 5174?
78
Calculate the remainder when 136989 is divided by 4271.
317
What is the remainder when 147143425 is divided by 452749?
0
What is the remainder when 18972751 is divided by 498?
445
What is the remainder when 8550599 is divided by 1293?
1283
Calculate the remainder when 716650 is divided by 139.
105
Calculate the remainder when 438168 is divided by 31296.
24
What is the remainder when 277503 is divided by 826?
793
What is the remainder when 3973207 is divided by 158?
139
Calculate the remainder when 263924 is divided by 14654.
152
What is the remainder when 131772 is divided by 65885?
2
What is the remainder when 5796055 is divided by 172?
171
What is the remainder when 94332053 is divided by 185?
183
Calculate the remainder when 13969297 is divided by 121472.
17
Calculate the remainder when 243180 is divided by 3176.
1804
What is the remainder when 130412185 is divided by 1783?
1782
Calculate the remainder when 8610 is divided by 6046.
2564
Calculate the remainder when 417842 is divided by 208884.
74
What is the remainder when 14266 is divided by 1991?
329
What is the remainder when 4650024 is divided by 121?
115
What is the remainder when 54977287 is divided by 155743?
8
What is the remainder when 30357 is divided by 3845?
3442
Calculate the remainder when 600300 is divided by 12771.
63
What is the remainder when 2588825 is divided by 635?
565
What is the remainder when 1158943 is divided by 96539?
475
Calculate the remainder when 163647 is divided by 742.
407
What is the remainder when 351342652 is divided by 32?
28
What is the remainder when 545570 is divided by 793?
779
What is the remainder when 1628332 is divided by 198?
178
What is the remainder when 178043491 is divided by 5?
1
What is the remainder when 23678203 is divided by 24?
19
What is the remainder when 3726781 is divided by 3726599?
182
What is the remainder when 96164608 is divided by 9?
4
Calculate the remainder when 1929087 is divided by 116.
7
Calculate the remainder when 70021 is divided by 7245.
4816
Calculate the remainder when 60068889 is divided by 989.
985
What is the remainder when 1243336 is divided by 48?
40
Calculate the remainder when 276112 is divided by 4942.
4302
What is the remainder when 52932458 is divided by 20?
18
What is the remainder when 642975 is divided by 2445?
2385
What is the remainder when 664777 is divided by 55367?
373
Calculate the remainder when 507115 is divided by 793.
388
Calculate the remainder when 10988165 is divided by 3662701.
62
Calculate the remainder when 2092865 is divided by 31.
24
What is the remainder when 14942 is divided by 440?
422
What is the remainder when 485016 is divided by 487?
451
What is the remainder when 11978422 is divided by 6124?
6002
What is the remainder when 218385 is divided by 12127?
99
Calculate the remainder when 4986071 is divided by 41899.
90
Calculate the remainder when 232194 is divided by 6531.
3609
Calculate the remainder when 62894763 is divided by 748747.
15
Calculate the remainder when 11320 is divided by 2329.
2004
What is the remainder when 420100 is divided by 60013?
9
What is the remainder when 413912 is divided by 40850?
5412
Calculate the remainder when 37461099 is divided by 40.
19
What is the remainder when 96695 is divided by 365?
335
What is the remainder when 1991111 is divided by 4895?
3741
What is the remainder when 197171 is divided by 98582?
7
What is the remainder when 15161823 is divided by 272?
271
Calculate the remainder when 1993805 is divided by 664577.
74
What is the remainder when 293926 is divided by 13327?
732
What is the remainder when 3188246 is divided by 884?
542
What is the remainder when 82793 is divided by 27495?
308
Calculate the remainder when 61604549 is divided by 738.
737
Calculate the remainder when 125511322 is divided by 48.
10
What is the remainder when 1297030 is divided by 2217?
85
What is the remainder when 34016 is divided by 1095?
71
What is the remainder when 114450 is divided by 2240?
210
What is the remainder when 903160 is divided by 100?
60
Calculate the remainder when 2610408 is divided by 941.
74
Calculate the remainder when 101614 is divided by 6348.
46
What is the remainder when 236555 is divided by 1546?
17
Calculate the remainder when 13774162 is divided by 299429.
428
What is the remainder when 14857315 is divided by 3980?
3955
Calculate the remainder when 328113 is divided by 109226.
435
Calculate the remainder when 4158800 is divided by 39.
35
Calculate the remainder when 48386 is divided by 2051.
1213
What is the remainder when 24205 is divided by 244?
49
What is the remainder when 183002 is divided by 1553?
1301
Calculate the remainder when 3413299 is divided by 617.
55
Calculate the remainder when 472872 is divided by 78701.
666
What is the remainder when 2028649 is divided by 2480?
9
Calculate the remainder when 25077905 is divided by 23748.
17
What is the remainder when 196640 is divided by 198?
26
Calculate the remainder when 1396141 is divided by 698009.
123
Calculate the remainder when 184334 is divided by 6138.
194
Calculate the remainder when 2087249 is divided by 601.
577
What is the remainder when 1936811 is divided by 702?
695
What is the remainder when 2511013 is divided by 2264?
237
Calculate the remainder when 46239765 is divided by 54.
51
Calculate the remainder when 3458345 is divided by 126.
23
What is the remainder when 13317650 is divided by 63?
17
Calculate the remainder when 1004960 is divided by 1760.
0
What is the remainder when 43374525 is divided by 576?
573
Calculate the remainder when 784250 is divided by 3647.
145
Calculate the remainder when 2835987 is divided by 149261.
28
Calculate the remainder when 15698842 is divided by 51.
22
Calculate the remainder when 1149562 is divided by 76636.
22
Calculate the remainder when 935608 is divided by 37.
26
Calculate the remainder when 74596 is divided by 565.
16
Calculate the remainder when 10369712 is divided by 21.
17
Calculate the remainder when 17472864 is divided by 33.
24
Calculate the remainder when 12144993 is divided by 6072431.
131
What is the remainder when 2331645 is divided by 1267?
365
What is the 